{"id":7,"date":"2024-09-17T18:30:41","date_gmt":"2024-09-17T18:30:41","guid":{"rendered":"https:\/\/romdahl.com\/onecheck\/?page_id=7"},"modified":"2024-12-01T05:38:39","modified_gmt":"2024-12-01T05:38:39","slug":"forside","status":"publish","type":"page","link":"https:\/\/romdahl.com\/onecheck\/","title":{"rendered":"Forside"},"content":{"rendered":"\n<div class=\"wp-block-cover alignfull is-light has-parallax\" style=\"margin-top:0\"><span aria-hidden=\"true\" class=\"wp-block-cover__background has-background-dim-30 has-background-dim\" style=\"background-color:#e9d4c3\"><\/span><div class=\"wp-block-cover__image-background wp-image-50 has-parallax\" style=\"background-position:50% 50%;background-image:url(https:\/\/romdahl.com\/onecheck\/wp-content\/uploads\/Bathroom-and-tiles.jpg)\"><\/div><div class=\"wp-block-cover__inner-container has-global-padding is-layout-constrained wp-block-cover-is-layout-constrained\">\n<p class=\"has-text-align-center has-background has-large-font-size\" style=\"background-color:#cfcabe8f\">Sikre ditt v\u00e5trom med OneCheck \u2013 Sluttkontroll og Samsvarsbevis for \u00f8kt trygghet<\/p>\n<\/div><\/div>\n\n\n\n<div class=\"wp-block-group alignwide has-global-padding is-layout-constrained wp-container-core-group-is-layout-be05f1b3 wp-block-group-is-layout-constrained\">\n<p style=\"font-size:clamp(0.984rem, 0.984rem + ((1vw - 0.2rem) * 0.809), 1.5rem);\">Vi utf\u00f8rer uavhengig sluttkontroll og utsteder samsvarsbevis for dit v\u00e5trom som sikrer at ditt baderom oppfyller alle krav i henhold til v\u00e5tromsnormen og <a href=\"https:\/\/standard.no\/fagomrader\/teknisk-tilstandsanalyse-av-bolig---ns-3600\/teknisk-tilstandsanalyse-ved-omsetning-av-bolig--ns-3600\/\" target=\"_blank\" rel=\"noreferrer noopener\">NS 3600<\/a>.<\/p>\n\n\n\n<div style=\"height:25px\" aria-hidden=\"true\" class=\"wp-block-spacer\"><\/div>\n\n\n\n<div class=\"wp-block-buttons is-content-justification-center is-layout-flex wp-container-core-buttons-is-layout-a89b3969 wp-block-buttons-is-layout-flex\">\n<div class=\"wp-block-button has-custom-width wp-block-button__width-50 has-custom-font-size has-large-font-size\"><a class=\"wp-block-button__link has-background has-border-color wp-element-button\" href=\"https:\/\/romdahl.com\/onecheck\/bestilling\/\" style=\"border-color:#b5bdbc;border-width:1px;border-radius:15px;background-color:#2382d6;padding-top:var(--wp--preset--spacing--20);padding-right:var(--wp--preset--spacing--10);padding-bottom:var(--wp--preset--spacing--20);padding-left:var(--wp--preset--spacing--10)\">Bestill n\u00e5<\/a><\/div>\n<\/div>\n\n\n\n<div style=\"height:25px\" aria-hidden=\"true\" class=\"wp-block-spacer\"><\/div>\n\n\n\n<h2 class=\"wp-block-heading has-x-large-font-size\">*****<strong>Bilder av ferdige v\u00e5trom, samsvarsbevis og kontrollskjemaer.<\/strong><\/h2>\n\n\n\n<p style=\"font-size:clamp(0.984rem, 0.984rem + ((1vw - 0.2rem) * 0.809), 1.5rem);\">OneCheck tilbyr uavhengig sluttkontroll av v\u00e5trom. V\u00e5r grundige gjennomgang sikrer at badet ditt er utf\u00f8rt etter forskriftene, slik at du kan dokumentere dette med v\u00e5rt samsvarsbevis. Dette kan v\u00e6re avgj\u00f8rende for \u00e5 f\u00e5 TG1 ved salg av boligen og unng\u00e5 uforutsette fuktskader.<\/p>\n\n\n\n<div style=\"height:25px\" aria-hidden=\"true\" class=\"wp-block-spacer\"><\/div>\n\n\n\n<ul style=\"font-size:clamp(0.984rem, 0.984rem + ((1vw - 0.2rem) * 0.809), 1.5rem);\" class=\"wp-block-list\">\n<li>Unng\u00e5 fuktskader og \u00f8k verdien p\u00e5 boligen<\/li>\n\n\n\n<li>Sikre TG1 med samsvarsbevis<\/li>\n\n\n\n<li>Uavhengig, profesjonell kontroll fra erfarne takstmenn<\/li>\n\n\n\n<li>Oppfyller v\u00e5tromsnormen og NS 3600<\/li>\n<\/ul>\n\n\n\n<div style=\"height:25px\" aria-hidden=\"true\" class=\"wp-block-spacer\"><\/div>\n\n\n\n<h2 class=\"wp-block-heading alignfull has-text-align-center has-background has-large-font-size\" style=\"background-color:#f2efed\"><strong>Ofte stilte sp\u00f8rsm\u00e5l<\/strong><\/h2>\n\n\n\n<details class=\"wp-block-details is-layout-flow wp-block-details-is-layout-flow\" style=\"font-style:normal;font-weight:400\" open><summary>Hva dekker v\u00e5tromskontrollen?<\/summary>\n<p><strong>Svar: <\/strong>V\u00e5tromskontrollen fra OneCheck omfatter en grundig gjennomgang av alle relevante deler av v\u00e5trommet for \u00e5 sikre at det oppfyller kravene i henhold til v\u00e5tromsnormen (BVN) og NS 3600. Vi kontrollerer blant annet:<\/p>\n\n\n\n<ul class=\"wp-block-list\">\n<li><strong>Membran:<\/strong> Vi sjekker at membranen er korrekt installert og at den gir tilstrekkelig fuktsikring.<\/li>\n\n\n\n<li><strong>Ventilasjon:<\/strong> Vi vurderer om ventilasjonssystemet er tilstrekkelig for \u00e5 unng\u00e5 fuktskader.<\/li>\n\n\n\n<li><strong>Sluk og avl\u00f8p:<\/strong> Vi unders\u00f8ker at sluk, r\u00f8r og avl\u00f8p er riktig montert og fungerer som de skal.<\/li>\n\n\n\n<li><strong>Vann- og avl\u00f8psinstallasjoner:<\/strong> Kontroll av r\u00f8r, koblinger og eventuelle synlige tegn til lekkasjer.<\/li>\n\n\n\n<li><strong>Flislegging og overflatebehandling:<\/strong> Vi kontrollerer at flisarbeid og fuger er utf\u00f8rt riktig, og at overflater er vanntette.<\/li>\n\n\n\n<li><strong>Elektriske installasjoner:<\/strong> Vurdering av varme i gulv og eventuelle elektriske apparater som brukes i v\u00e5trommet (utf\u00f8rt i samarbeid med elektriker ved behov).<\/li>\n<\/ul>\n\n\n\n<p>Etter kontrollen utarbeider vi en detaljert rapport som gir deg en fullstendig oversikt over tilstanden p\u00e5 v\u00e5trommet.<\/p>\n<\/details>\n\n\n\n<details class=\"wp-block-details is-layout-flow wp-block-details-is-layout-flow\"><summary>Hvor lang tid tar kontrollen?<\/summary>\n<p><strong>Svar:<\/strong> En standard v\u00e5tromskontroll tar vanligvis mellom 1,5 til 2 timer, avhengig av st\u00f8rrelsen p\u00e5 v\u00e5trommet og om det finnes spesielle utfordringer. Etter kontrollen vil du motta en skriftlig rapport, og hvis alt er i orden, vil du ogs\u00e5 f\u00e5 tilsendt v\u00e5tromsbeviset kort tid etterp\u00e5.<\/p>\n<\/details>\n\n\n\n<details class=\"wp-block-details is-layout-flow wp-block-details-is-layout-flow\"><summary>Hva er samsvarsbevis?<\/summary>\n<p><strong>Svar: <\/strong>Samsvarsbeviset er et sertifikat som utstedes etter at ditt v\u00e5trom har blitt kontrollert av OneCheck og funnet \u00e5 oppfylle kravene i v\u00e5tromsnormen og NS 3600. Beviset dokumenterer at v\u00e5trommet er utf\u00f8rt i henhold til forskriftene og er en viktig del av boligdokumentasjonen, spesielt ved salg. Et samsvarsbeviset kan v\u00e6re avgj\u00f8rende for \u00e5 f\u00e5 tilstandsgrad 1 (TG1) p\u00e5 v\u00e5trommet i en tilstandsrapport, som kan \u00f8ke boligens verdi.<\/p>\n<\/details>\n\n\n\n<details class=\"wp-block-details is-layout-flow wp-block-details-is-layout-flow\"><summary>Hvorfor er det viktig med sluttkontroll av v\u00e5trom?<\/summary>\n<p><strong>Svar: <\/strong>Samsvarsbeviset er et sertifikat som utstedes etter at ditt v\u00e5trom har blitt kontrollert av OneCheck og funnet \u00e5 oppfylle kravene i v\u00e5tromsnormen og NS 3600. Beviset dokumenterer at v\u00e5trommet er utf\u00f8rt i henhold til forskriftene og er en viktig del av boligdokumentasjonen, spesielt ved salg. Et samsvarsbeviset kan v\u00e6re avgj\u00f8rende for \u00e5 f\u00e5 tilstandsgrad 1 (TG1) p\u00e5 v\u00e5trommet i en tilstandsrapport, som kan \u00f8ke boligens verdi.<\/p>\n<\/details>\n\n\n\n<details class=\"wp-block-details is-layout-flow wp-block-details-is-layout-flow\"><summary>Hva skjer hvis v\u00e5trommet ikke best\u00e5r kontrollen?<\/summary>\n<p><strong>Svar:<\/strong> Hvis vi finner feil eller mangler under kontrollen, vil du f\u00e5 en detaljert rapport med en oversikt over problemene som m\u00e5 utbedres. Du kan da f\u00e5 fagpersoner til \u00e5 rette opp i disse feilene, og n\u00e5r de n\u00f8dvendige utbedringene er utf\u00f8rt, kan vi gjennomf\u00f8re en ny kontroll for \u00e5 sikre at v\u00e5trommet oppfyller kravene. N\u00e5r v\u00e5trommet er godkjent, vil vi utstede samsvarsbeviset.<\/p>\n<\/details>\n\n\n\n<details class=\"wp-block-details is-layout-flow wp-block-details-is-layout-flow\"><summary>Hva er v\u00e5tromsnormen (BVN) og NS 3600?<\/summary>\n<p><strong>Svar:<\/strong> <\/p>\n\n\n\n<ul class=\"wp-block-list\">\n<li><strong>V\u00e5tromsnormen (BVN)<\/strong> er en frivillig bransjenorm som stiller strenge krav til hvordan v\u00e5trom skal bygges og rehabiliteres for \u00e5 hindre fukt- og vannskader. Den dekker alt fra materialvalg og tekniske l\u00f8sninger til selve utf\u00f8relsen av arbeidet.<\/li>\n\n\n\n<li><strong>NS 3600<\/strong> er en norsk standard som brukes ved tilstandsrapportering av boliger. Den gir spesifikke krav for vurdering av tekniske anlegg, som v\u00e5trom, og legger f\u00f8ringer for hva som kreves for \u00e5 oppn\u00e5 tilstandsgrad 1 (TG1).<\/li>\n<\/ul>\n<\/details>\n\n\n\n<details class=\"wp-block-details is-layout-flow wp-block-details-is-layout-flow\"><summary>Hvor mye koster v\u00e5tromskontrollen?<\/summary>\n<p><strong>Svar:<\/strong> V\u00e5tromskontrollen koster kr. 5950 pr. v\u00e5trom. Denne prisen inkluderer hele kontrollen, en detaljert rapport og utstedelse av v\u00e5tromsbevis hvis v\u00e5trommet oppfyller kravene. For ekstra kontroll betales kr. 3 000.<\/p>\n<\/details>\n\n\n\n<details class=\"wp-block-details is-layout-flow wp-block-details-is-layout-flow\"><summary>Kan jeg bestille kontroll selv om v\u00e5trommet mitt allerede er ferdigstilt?<\/summary>\n<p><strong>Svar:<\/strong> Ja, du kan bestille kontroll uansett om v\u00e5trommet er nyrenovert eller flere \u00e5r gammelt. Sluttkontrollen er nyttig b\u00e5de for \u00e5 sikre at nytt arbeid er forskriftsmessig utf\u00f8rt, og for \u00e5 f\u00e5 dokumentasjon som kan brukes ved salg eller forsikringskrav, selv om badet ble renovert for en tid siden.<\/p>\n<\/details>\n\n\n\n<details class=\"wp-block-details is-layout-flow wp-block-details-is-layout-flow\"><summary>N\u00e5r b\u00f8r jeg bestille sluttkontroll av v\u00e5trommet?<\/summary>\n<p><strong>Svar:<\/strong> Det er best \u00e5 bestille sluttkontroll rett f\u00f8r renoveringen av v\u00e5trommet er fullf\u00f8rt, men f\u00f8r du betaler sluttfakturaen til h\u00e5ndverkeren. P\u00e5 denne m\u00e5ten kan du sikre at alt er gjort riktig f\u00f8r sluttoppgj\u00f8ret, og eventuelle mangler kan utbedres f\u00f8r du betaler.<\/p>\n<\/details>\n\n\n\n<details class=\"wp-block-details is-layout-flow wp-block-details-is-layout-flow\"><summary>Hvor lang tid tar det \u00e5 f\u00e5 samsvarsbeviset etter godkjent kontroll?<\/summary>\n<p><strong>Svar:<\/strong> N\u00e5r kontrollen er fullf\u00f8rt og v\u00e5trommet har best\u00e5tt, vil du motta v\u00e5tromsbeviset innen 2-3 virkedager. Dette sendes elektronisk til deg, slik at du raskt kan dokumentere at v\u00e5trommet er godkjent.<\/p>\n<\/details>\n<\/div>\n","protected":false},"excerpt":{"rendered":"<p>Vi utf\u00f8rer uavhengig sluttkontroll og utsteder samsvarsbevis for dit v\u00e5trom som sikrer at ditt baderom oppfyller alle krav i henhold til v\u00e5tromsnormen og NS 3600. *****Bilder av ferdige v\u00e5trom, samsvarsbevis og kontrollskjemaer. OneCheck tilbyr uavhengig sluttkontroll av v\u00e5trom. V\u00e5r grundige gjennomgang sikrer at badet ditt er utf\u00f8rt etter forskriftene, slik at du kan dokumentere dette [&hellip;]<\/p>\n","protected":false},"author":1,"featured_media":0,"parent":0,"menu_order":0,"comment_status":"closed","ping_status":"closed","template":"","meta":{"footnotes":""},"class_list":["post-7","page","type-page","status-publish","hentry"],"_links":{"self":[{"href":"https:\/\/romdahl.com\/onecheck\/wp-json\/wp\/v2\/pages\/7","targetHints":{"allow":["GET"]}}],"collection":[{"href":"https:\/\/romdahl.com\/onecheck\/wp-json\/wp\/v2\/pages"}],"about":[{"href":"https:\/\/romdahl.com\/onecheck\/wp-json\/wp\/v2\/types\/page"}],"author":[{"embeddable":true,"href":"https:\/\/romdahl.com\/onecheck\/wp-json\/wp\/v2\/users\/1"}],"replies":[{"embeddable":true,"href":"https:\/\/romdahl.com\/onecheck\/wp-json\/wp\/v2\/comments?post=7"}],"version-history":[{"count":11,"href":"https:\/\/romdahl.com\/onecheck\/wp-json\/wp\/v2\/pages\/7\/revisions"}],"predecessor-version":[{"id":156,"href":"https:\/\/romdahl.com\/onecheck\/wp-json\/wp\/v2\/pages\/7\/revisions\/156"}],"wp:attachment":[{"href":"https:\/\/romdahl.com\/onecheck\/wp-json\/wp\/v2\/media?parent=7"}],"curies":[{"name":"wp","href":"https:\/\/api.w.org\/{rel}","templated":true}]}}